ppose 4*w - 8 = 3*l, -15*w = -14*w + 4*l - 2. Calculate i(w).
-33
Let l(x) be the first derivative of 18 + 3*x + 4/3*x**3 + 3/2*x**2. Let b = 64 + -66. Give l(b).
13
Let k be (-3)/((-9)/(-6)) + 3. Let s be (-3 - -2)*(-6 + k). Let h(r) = 13 - r**2 - s*r + 4 - 7. What is h(-7)?
-4
Let y(p) be the first derivative of -11 - 1/6*p**3 - 4*p**2 + 0*p - 1/24*p**4. Let r(c) be the second derivative of y(c). Determine r(-9).
8
Let a(s) = -s**3 - 15*s**2 + 12*s + 3. Let h(p) = p**3 + 17*p**2 - 13*p - 3. Let l(u) = 7*a(u) + 6*h(u). Let c be 6 - (4 + 21/3). Determine l(c).
23
Let m be (-694)/(-2) - -1 - -3. Let f = m + -339. Let s(x) = x**2 - 12*x + 2. Give s(f).
2
Let i(s) be the first derivative of 5*s**2 - 14*s - 1/4*s**4 - 15 - 11/3*s**3. Determine i(-12).
10
Let i(k) be the third derivative of k**5/60 + k**4/4 - k**3 + 8*k**2 - 12*k. Let d(m) = -4*m**3 - 3*m**2 + 4*m - 2. Let x be d(1). Give i(x).
-11
Let i(w) = 9*w + 23. Suppose 2*f = -v - 15, 0 = 4*v - 10*f + 8*f. Give i(v).
-4
Suppose 5*p + 5*k - 35 = 0, 2*p + 2*k = -k + 18. Suppose 0 = p*q - x - 18, -1 = -3*x - 10. Let d(n) = n**2 - 3*n - 1. What is d(q)?
9
Suppose s - 4*d + 131 = 149, -2*s - d = 18. Let r(y) = y**3 + 6*y**2 + 3. Determine r(s).
3
Let u(y) = 12 + 13*y**3 - 8*y**2 - 4*y**2 - 10*y - 14*y**3. Let d be u(-11). Let z(s) be the second derivative of -5*s**3/2 - s**2/2 - s - 24. Calculate z(d).
-16
Let h(o) be the second derivative of o**4/6 + o**3/3 - 2*o**2 - 1863*o. Determine h(5).
56
Let n(s) = -2*s + 2. Suppose a = -f - 2*f + 4, 3*a = -f - 4. Let g be n(a). Suppose -2*o - 3*v - 14 = 0, -7*v + 2*v = -4*o - g. Let h(p) = p. Give h(o).
-4
Suppose -10*y + 251 = 231. Let d be (0 - 7) + (y - -4). Let p(l) = l**2 + 3*l - l - l + 10*l**3. What is p(d)?
-10
Let q(j) = -4*j**2 - 2*j - 5. Let f(y) = -3*y**2 - 3*y - 4. Let s(z) = 5*f(z) - 4*q(z). Suppose 4*t - 2 = 10. Suppose 0 = -0*d + t*d - 18. Give s(d).
-6
Let u(q) = q**2 + 11*q. Suppose -22*x = -24*x + 2*o - 22, 16 = -4*x - 3*o. Let z(d) = -2*d**2 - 21*d - 1. Let m(l) = x*u(l) - 4*z(l). What is m(-7)?
4
Suppose -2*o - 7*m = -6*m - 22, 2*o - 18 = m. Let v(u) = -u**2 + 13*u - 22. Determine v(o).
8
Let f(j) = -3*j + 96. Let t be (84/(-5))/(-1*(-39)/(-65)). Calculate f(t).
12
Let f(d) = -2*d + 181. Let m(o) = o - 41. Let j(a) = -3*f(a) - 10*m(a). Calculate j(-33).
-1
Let y(i) = i**2 - 6*i - 10. Let v be 1/((-13)/2) + 595/65. Suppose 0 = v*p - 32 - 40. What is y(p)?
6
Let x(a) = a**3 + 2*a**2 + 4*a + 3. Suppose 0 = -0*v + 6*v - 30. Suppose 631 = 4*t + f + 158, 3*f = v*t - 604. Let c = t - 121. What is x(c)?
-5
Let s = 11 - 72. Let f(i) = -10*i + 14. Let v be f(-5). Let j = v + s. Let l(g) = g**3 - 5*g**2 + g + 4. What is l(j)?
-11
Let i(b) = -20 - 20 + 67 - 2*b + 3*b + 17. Calculate i(-14).
30
Let n(z) = -6*z + 26*z - 6*z + 190. Calculate n(-14).
-6
Let f(l) = l**2 - 6*l + 5. Let v = -26 - -41. Let w be ((-9)/v)/(11/(-10) + 1). Suppose 0 = t - 12 + w. Calculate f(t).
5
Let j(o) = 44*o - 24. Let b(n) = 23*n - 11. Let s(k) = 5*b(k) - 2*j(k). Calculate s(1).
20
Let b(q) = 11*q**3 + 50*q**2 + 17*q + 123. Let w(o) = -15*o**3 - 69*o**2 - 17*o - 124. Let a(s) = 4*b(s) + 3*w(s). Give a(-7).
1
Suppose -6*w = -26*w + 40. Let p(o) = 22*o - w + 3 + 21*o - 41*o. What is p(4)?
9
Let f = 34 + -30. Suppose 3*d = 4*i + 18, -5*d + 18 = -4*i - f. Let p be (-6*10/(-45))/(d/6). Let g(u) = u**3 - 4*u**2 - 3*u + 5. Calculate g(p).
-7
Let j(m) = -m + 28. Suppose 120*g - 5000 = -680. Calculate j(g).
-8
Let r be (-6156)/608 + 1/8. Let q(m) = m**2 + 17*m + 57. Calculate q(r).
-13
Let f(p) = -p**3 + 4*p + 2. Let s be f(-2). Let j(x) = -44 + 8*x - x**2 + 61 - 37 + s*x. Let q be j(6). Let h(y) = y**2 - 3*y + 4. Determine h(q).
8
Let r = 1558 - 1554. Let f(x) = -4*x**2 + 14*x + 12. Determine f(r).
4
Let v(g) = g**3 - g**2 - 3*g + 2. Let u(s) = s**3 + 28*s**2 - 59*s + 28. Let d(f) = -6*f**2 + 38*f - 2. Let n be d(7). Let i be u(n). Give v(i).
-4
Let i(n) = n**3 - 6*n**2 + 7*n - 6. Let y = -24344 - -24351. What is i(y)?
92
Let r(o) = 5*o**2 + 136*o + 33. Let u(k) = 83*k + 3542. Let h be u(-43). Determine r(h).
6
Let m(g) = -78*g - 24. Let l(y) = -14*y - 3. Let x(w) = 27*l(w) - 5*m(w). Give x(-7).
-45
Let q(r) = -r**2 + 18*r - 48. Let n be q(14). Let d(i) = 2*i - 12. Let o be d(n). Let f(g) = g + 5*g - 2*g - g - o. What is f(3)?
5
Let i(w) = -w**2 - 15*w - 19. Let p(r) = -7*r - 10. Let n(j) = 3*i(j) - 5*p(j). Let y(v) = 13*v**2 + 40*v + 28. Let l(u) = -9*n(u) - 2*y(u). Give l(-10).
7
Let z = 19299 + -19313. Let c(w) = -8*w**2 - 113*w - 9. Give c(z).
5
Let h(d) = -3*d**2 - 4 + 2 - d**3 - 2*d + 0. Let y be h(-3). Suppose 3*k - 3 = y*m - 13, -3*m + 3*k + 6 = 0. Let n(t) = t**2 - 9*t + 5. What is n(m)?
-15
Let z(m) = 126*m - 41 - 60*m + 66*m**2 - 65*m + 43. What is z(-1)?
67
Let i(z) = 3*z**2 + 5*z + 39. Let a(j) = -4*j**2 - 8*j - 48. Let r(b) = -4*a(b) - 5*i(b). Calculate r(-6).
-9
Suppose 0 = -i + g + 6, -5*g + 4 = 5*i + 14. Let b(m) = -m**3 - i*m**2 - 4*m**3 - 3*m + 4*m**3 + 2 - 3. What is b(-2)?
5
Let h(d) = 3*d**2 - 17*d - 46. Let n(q) = -16*q**2 + 82*q + 231. Let v(b) = -11*h(b) - 2*n(b). Calculate v(24).
20
Let x(s) = -s - 2. Let o(f) = -5*f - 7. Let p(a) = o(a) - 4*x(a). Let q(d) = d - 7. Let z(l) = -3*p(l) - q(l). Determine z(-4).
-4
Let w(i) = -2*i - 4. Let r(m) = -12*m - 23. Let n(b) = 6*r(b) - 34*w(b). Let u(p) = -2*p**3 - 130*p**2 + 133*p + 70. Let v be u(-66). Calculate n(v).
-18
Let c(i) = -3*i**2. Suppose 0 = -4*p - 3*d + 24, 2*p - 2*d = -1 - 1. Suppose -3*w - 2*w + 31 = 3*j, -2*w = p*j - 16. Let a be ((-3)/(-6))/((-1)/j). Give c(a).
-3
Suppose 4*a = 5*n + 80, -13*n + 18*n - 70 = -2*a. Let b be a/(-10)*(48/10 + -2). Let o(h) = -h - 8. What is o(b)?
-1
Let f(h) = 4*h + 8. Let c(x) = -4*x - 8. Let p(a) = 5*c(a) + 4*f(a). Let q(m) = m**3 + 42*m**2 + 168*m + 601. Let w be q(-38). Calculate p(w).
20
Let f(w) be the first derivative of w**4/4 - w**3/3 - w**2/2 + w + 2. Suppose 0*z = 4*z + 5*h - 32, 6*h - 24 = 0. Determine f(z).
16
Let d(b) be the third derivative of 1/120*b**6 + 1/2*b**3 + 0*b + 1/12*b**4 - 15*b**2 - 1/20*b**5 + 3. Calculate d(3).
9
Suppose 37*h - 6 = 34*h. Suppose -h*a = f, f = -0*a - a. Let w(x) be the first derivative of -x**3/3 + x - 1. Give w(f).
1
Let i(n) = -2*n**2 - n - 1. Let d(f) = -7*f**2 + f - 3. Let s(g) = -g + 1. Let v(b) = -d(b) - s(b). Let t(z) = -4*i(z) - v(z). What is t(-4)?
2
Let f(q) = 5*q**2 - 8*q + 3. Let r(t) = 6*t**2 - 8*t + 3. Let n(b) = 5*f(b) - 4*r(b). Suppose -8*i + 581 = -427. Let g = i + -120. Determine n(g).
-9
Let n(k) be the third derivative of -2/3*k**3 - 82*k**2 - 1/24*k**4 + 0*k + 0. Determine n(-7).
3
Suppose -3*q = -2*i - 1, -51 = -4*q - 5*i - 19. Let x = -1246 + 1248. Let u(d) = -x*d + 6 + 7*d**2 - d**q - 5*d + 5*d. Determine u(7).
-8
Let x be 2/(-3)*(0 + -3). Let q(d) = 2*d + 2*d - 2*d - x + 0*d. Let g be (9 - 8)*6/(-2). Calculate q(g).
-8
Let j(s) = 2*s**3 + 15*s**2 - 8*s + 3. Let y be j(-8). Suppose 2*q - 5*g + 53 = 28, -4*q - y*g = 11. Let k(f) = f**3 + 4*f**2 - 7*f - 5. Give k(q).
5
Let u(m) = -m**3 - 8*m**2 + 8. Let y be u(-8). Let c be (-1 - y/2) + 1*-3. Let i(g) = -g**2 - 10*g + 1. Determine i(c).
17
Let d(c) be the second derivative of 2*c**3/3 + 7*c**2/2 + 90*c + 4. What is d(-3)?
-5
Let o(a) = a**3 - a**2. Let u be o(0). Let g(y) be the first derivative of 0*y - 1/2*y**2 - 5 + 1/4*y**4 + 0*y**3. What is g(u)?
0
Let a(s) = 14 - 4*s - 6 + 21 + 8*s + 27. Give a(-13).
4
Let y = -7391 - -7397. Let x(d) = -d**2 + 6*d + 15. Give x(y).
15
Suppose 0 = j - 4*d - 10, -5*j = 3*d - 17 + 13. Let w(k) = 105*k**2 - 55*k**2 + 5 - j*k - 46*k**2 + k**3. Give w(-4).
13
Let b(q) = q**2 - 9*q + 3. Let s be b(9). Let x(m) = m**3 - 1 + m - 4*m**s + m. Suppose -247*d + 995 = 748*d. What is x(d)?
-2
Let y(l) be the second derivative of -2*l**7/105 - l**6/360 - l**3/6 + l**2/2 - l + 12. Let o(a) be the second derivative of y(a). Give o(1).
-17
Let o(h) = 2*h + 34. Let u be o(-22). Let t(z) = -6*z + 8*z - 4*z - 2*z**2 - 8*z**2 - z**3 - 15. What is t(u)?
5
Suppose -d = -5*d - 4. Let i(b) = b**2 + b - 1. Let a(h) = h**3 + h**2 - 6*h**2 + 4*h**2 - 6 + 6*h**2. Let z(g) = d*i(g) - a(g). Give z(-6).
13
Let l(f) = -7*f**2 + 6*f + 11. Let c(h) = -3*h**2 + 2*h + 6. Suppose -38 = 20*t - t. Let v(n) = t*l(n) + 5*c(n). Give v(-5).
-7
Suppose